{"id":97,"date":"2023-01-29T18:50:00","date_gmt":"2023-01-29T18:50:00","guid":{"rendered":"https:\/\/comercialmario.hol.es\/?post_type=product&#038;p=97"},"modified":"2025-10-09T18:44:38","modified_gmt":"2025-10-09T16:44:38","slug":"bdp-net","status":"publish","type":"product","link":"https:\/\/comercialmario.hol.es\/index.php\/product\/bdp-net\/","title":{"rendered":"BDP-NET"},"content":{"rendered":"<p>Bdp Net es un conjunto de programas de gesti\u00f3n desarrollados para optimizar y maximizar los recursos de la tecnolog\u00eda t\u00e1ctil, sin olvidar la posible gesti\u00f3n efectuada desde teclado.<\/p>\n<p>La modulaci\u00f3n de estos programas, se ha efectuado para que todos los sectores dispongan de una aplicaci\u00f3n que les pueda cubrir de una forma potente, r\u00e1pida, eficaz y segura, todo aquello que necesitan.<\/p>\n<div><strong>Hosteler\u00eda<\/p>\n<p><\/strong><\/div>\n<div>Este programa de gesti\u00f3n y punto de venta t\u00e1ctil desarrollado por BDP para Bares, Cafeter\u00edas y Restaurantes, es uno de los m\u00e1s potentes que existen en estos d\u00edas en el mercado. Un programa que permite resolver todas las problem\u00e1ticas que este tipo de establecimientos requieren.<\/div>\n<div>Una eficaz, pr\u00e1ctica y f\u00e1cil herramienta de negocio, que permite controlar desde el las comandas de mesa y barra hasta el stock de productos en el almac\u00e9n y que interrelaciona todos los datos en pantallas t\u00e1ctiles muy f\u00e1ciles de utilizar y comprender. Es la herramienta imprescindible, catalogada ya por muchos usuarios como la verdadera sustituta de la registradora.<\/p>\n<p><strong>Servicio a Domicilio<br \/>\n<\/strong><br \/>\nLos negocios de restauraci\u00f3n con entrega a domicilio cada vez son m\u00e1s numerosos y habituales. Pedidos, repartidores, motos, entregas, liquidaciones\u2026 forman la espec\u00edfica casu\u00edstica de este tipo de negocio que requiere de potentes herramientas de control y gesti\u00f3n. Herramientas que conjuguen todos los requerimientos de un negocio de hosteler\u00eda adem\u00e1s de las necesidades concretas de la entrega a domicilio del cliente.<\/p>\n<p><strong>Pubs y Discotecas<br \/>\n<\/strong><br \/>\nEl incremento de locales de ocio, as\u00ed como la complejidad de la gesti\u00f3n de este tipo de negocios, requieren cada vez m\u00e1s de las herramientas adecuadas que permitan controlar los detalles de su gesti\u00f3n y agilizar as\u00ed el trabajo.<br \/>\nEl programa de gesti\u00f3n t\u00e1ctil desarrollado por BDP para discotecas y pubs a\u00f1ade, a las herramientas ya dise\u00f1adas de gesti\u00f3n de hosteler\u00eda, otras que permiten resolver de forma eficaz las necesidades espec\u00edficas de este tipo de negocios. Como por ejemplo el control de las consumiciones que se regalan con las entradas, las consumiciones para adultos y menores o el control de guardarropa.<br \/>\n<strong><br \/>\nPanader\u00edas y Pasteler\u00edas<br \/>\n<\/strong><br \/>\nEl negocio de las panader\u00edas y pasteler\u00edas tiene unas caracter\u00edsticas propias que lo diferencian de otro tipo de negocios de venta al p\u00fablico. Caracter\u00edsticas que deben controlarse muy bien para conseguir ser eficaces en el trabajo y rentables en el negocio.<br \/>\nProcesos de fabricaci\u00f3n de los productos, pedidos para d\u00edas posteriores, pedidos programados\u2026 Son algunos de los elementos que tiene en cuenta el programa de gesti\u00f3n t\u00e1ctil que BDP ha desarrollado para este tipo de establecimientos. Adem\u00e1s de herramientas de control de comercio y facturaci\u00f3n y otras opciones.<br \/>\nAquellos negocios que venden a clientes fijos y facturan peri\u00f3dicamente disponen del programa BDP-Net de Panader\u00edas, Pasteler\u00edas y Gesti\u00f3n que, adem\u00e1s de las prestaciones del programa BDP-Net de Panader\u00edas y Pasteler\u00edas tiene un m\u00f3dulo de gesti\u00f3n comercial que contempla todas las variables necesarias en la venta al por mayor, la venta al por menor, la distribuci\u00f3n. albaranes, facturas, pedidos, recibos, precios especiales, clientes, etc.<\/p>\n<p><strong>Comercio<br \/>\n<\/strong><br \/>\nAhora, cualquier tipo de comercio y los peque\u00f1os supermercados ya pueden disponer de las ventajas de la tecnolog\u00eda t\u00e1ctil en sus ventas, gracias al programa BDP-Net de Comercio.<br \/>\nEl programa de gesti\u00f3n t\u00e1ctil en punto de venta desarrollado por BDP ofrece una amplia gama de opciones de muy f\u00e1cil manejo que permiten controlar de forma eficaz la venta de los productos.<br \/>\nPara las necesidades espec\u00edficas de aquellos comercios que venden a clientes fijos y facturan peri\u00f3dicamente, BDP t\u00e1ctil ha desarrollado el programa BDP-Net de Comercio y Gesti\u00f3n capaz de dar una respuesta eficaz en todos los procesos.<br \/>\nAlbaranes, facturas, pedidos, recibos, precios especiales, clientes\u2026 Todo est\u00e1 contemplado en este programa de Comercio y Gesti\u00f3n, que adem\u00e1s contempla todas las variables necesarias en la venta al por mayor, la venta al por menor o la distribuci\u00f3n.<\/p>\n<p><strong>Peluquer\u00edas y Est\u00e9tica<br \/>\n<\/strong><br \/>\nAgilizar y controlar la gesti\u00f3n de peluquer\u00edas y centros de est\u00e9tica, es mucho m\u00e1s f\u00e1cil con el programa desarrollado por BDP. Ofrece herramientas capaces de controlar las diferentes caracter\u00edsticas que cada tipo de negocio requiere. Desde seguir un tratamiento efectuado a un cliente, distribuir las horas de visita seg\u00fan empleados o tipos de tratamiento, hasta atender al cliente seg\u00fan su ficha personalizada.<br \/>\nUn programa de gesti\u00f3n que, adem\u00e1s de ofrecer las opciones del programa de comercio y una gesti\u00f3n comercial proporciona soluciones espec\u00edficas para las particularidades de este sector.<\/p>\n<p><strong>Tallas y Colores<br \/>\n<\/strong><br \/>\nBDP Talla y Color es un programa t\u00e1ctil de gesti\u00f3n y comercio, f\u00e1cil y eficaz, que permite controlar el negocio teniendo en cuenta todos sus aspectos m\u00e1s caracter\u00edsticos: desde la compra a proveedores, las tallas y los colores, hasta la venta final.<br \/>\nUn programa especialmente indicado para tiendas de ropa, boutiques, zapater\u00edas, tiendas de deportes, etc.<\/p>\n<\/div>\n","protected":false},"excerpt":{"rendered":"<p>Bdp Net es un conjunto de programas de gesti\u00f3n desarrollados para optimizar y maximizar los recursos de la tecnolog\u00eda t\u00e1ctil, sin olvidar la posible gesti\u00f3n efectuada desde teclado. La modulaci\u00f3n de estos programas, se ha efectuado para que todos los sectores dispongan de una aplicaci\u00f3n que les pueda cubrir de una forma potente, r\u00e1pida, eficaz [&hellip;]<\/p>\n","protected":false},"featured_media":98,"comment_status":"open","ping_status":"closed","template":"","meta":[],"product_brand":[],"product_cat":[35],"product_tag":[31,43,45,44,36,37,42],"class_list":{"0":"post-97","1":"product","2":"type-product","3":"status-publish","4":"has-post-thumbnail","6":"product_cat-software-punto-de-venta","7":"product_tag-comercio","8":"product_tag-hosteleria","9":"product_tag-hotel","10":"product_tag-peluquerias","11":"product_tag-software","12":"product_tag-tpv","13":"product_tag-wondows","15":"first","16":"instock","17":"taxable","18":"shipping-taxable","19":"product-type-simple"},"aioseo_notices":[],"jetpack_sharing_enabled":true,"jetpack_likes_enabled":true,"_links":{"self":[{"href":"https:\/\/comercialmario.hol.es\/index.php\/wp-json\/wp\/v2\/product\/97","targetHints":{"allow":["GET"]}}],"collection":[{"href":"https:\/\/comercialmario.hol.es\/index.php\/wp-json\/wp\/v2\/product"}],"about":[{"href":"https:\/\/comercialmario.hol.es\/index.php\/wp-json\/wp\/v2\/types\/product"}],"replies":[{"embeddable":true,"href":"https:\/\/comercialmario.hol.es\/index.php\/wp-json\/wp\/v2\/comments?post=97"}],"wp:featuredmedia":[{"embeddable":true,"href":"https:\/\/comercialmario.hol.es\/index.php\/wp-json\/wp\/v2\/media\/98"}],"wp:attachment":[{"href":"https:\/\/comercialmario.hol.es\/index.php\/wp-json\/wp\/v2\/media?parent=97"}],"wp:term":[{"taxonomy":"product_brand","embeddable":true,"href":"https:\/\/comercialmario.hol.es\/index.php\/wp-json\/wp\/v2\/product_brand?post=97"},{"taxonomy":"product_cat","embeddable":true,"href":"https:\/\/comercialmario.hol.es\/index.php\/wp-json\/wp\/v2\/product_cat?post=97"},{"taxonomy":"product_tag","embeddable":true,"href":"https:\/\/comercialmario.hol.es\/index.php\/wp-json\/wp\/v2\/product_tag?post=97"}],"curies":[{"name":"wp","href":"https:\/\/api.w.org\/{rel}","templated":true}]}}