{"id":253,"date":"2023-02-05T17:24:47","date_gmt":"2023-02-05T16:24:47","guid":{"rendered":"https:\/\/comercialmario.hol.es\/?post_type=product&#038;p=253"},"modified":"2025-10-09T18:41:58","modified_gmt":"2025-10-09T16:41:58","slug":"balanza-industrial-de-sobremesa-gram-accurex-dsx","status":"publish","type":"product","link":"https:\/\/comercialmario.hol.es\/index.php\/product\/balanza-industrial-de-sobremesa-gram-accurex-dsx\/","title":{"rendered":"Balanza industrial de sobremesa GRAM ACCUREX DSX"},"content":{"rendered":"<div class=\"summary entry-summary\">\n<div class=\"woocommerce-product-details__short-description\">\n<h2><strong>ACCUREX DSX \u2013 Balanza industrial de sobremesa<\/strong><\/h2>\n<p><strong>Caracter\u00edsticas<\/strong><\/p>\n<ul>\n<li>C\u00e1lculo de porcentaje, para comprobaci\u00f3n de productos.<\/li>\n<li>Contaje r\u00e1pido de piezas por muestreo.<\/li>\n<li>Alarma de l\u00edmite de peso, para control de lotes.<\/li>\n<li>Pesaje en kg y libras, con cambio r\u00e1pido.<\/li>\n<li>Ajuste del cero por pulsaci\u00f3n.<\/li>\n<li>Tarado de recipientes.<\/li>\n<li>Bater\u00eda interna recargable.<\/li>\n<li>Protecci\u00f3n contra sobrecargas.<\/li>\n<li>Estructura ABS de gran resistencia.<\/li>\n<li>Plato de acero inoxidable.<\/li>\n<li>Protecci\u00f3n IP44.<\/li>\n<li>Pies regulables en altura para adaptarla a la superficie de uso.<\/li>\n<li>\n<p class=\"p1\"><strong>Duradera<\/strong><\/p>\n<p class=\"p2\">El modelo de balanza DSX de Accurex es un producto para uso profesional, soporta trato duro y intensivo. Est\u00e1 fabricado con una r\u00edgida y duradera carcasa de ABS con electr\u00f3nica interna de gran fiabilidad.<\/p>\n<\/li>\n<li>\n<p class=\"p1\"><strong>R\u00e1pida<\/strong><\/p>\n<p class=\"p1\">La respuesta de la pesada es sumamente r\u00e1pida, en menos de 2 segundos muestra el peso estable con precisi\u00f3n.<\/p>\n<\/li>\n<li>\n<p class=\"p1\"><strong>Calibraci\u00f3n de serie<\/strong><\/p>\n<p class=\"p1\">El equipo se suministra debidamente calibrado y ajustado por nuestro laboratorio de calibraci\u00f3n situado en Barcelona.<\/p>\n<\/li>\n<li>Medidas:\n<figure id=\"attachment_255\" aria-describedby=\"caption-attachment-255\" style=\"width: 300px\" class=\"wp-caption alignnone\"><img data-recalc-dims=\"1\" loading=\"lazy\" decoding=\"async\" class=\"size-medium wp-image-255\" src=\"https:\/\/i0.wp.com\/comercialmario.hol.es\/wp-content\/uploads\/2023\/02\/DSX-Medidas.jpg?resize=300%2C300&#038;ssl=1\" alt=\"Medidas ACCUREX DSX \u2013 Balanza industrial\" width=\"300\" height=\"300\" srcset=\"https:\/\/i0.wp.com\/comercialmario.hol.es\/wp-content\/uploads\/2023\/02\/DSX-Medidas.jpg?resize=300%2C300&amp;ssl=1 300w, https:\/\/i0.wp.com\/comercialmario.hol.es\/wp-content\/uploads\/2023\/02\/DSX-Medidas.jpg?resize=150%2C150&amp;ssl=1 150w, https:\/\/i0.wp.com\/comercialmario.hol.es\/wp-content\/uploads\/2023\/02\/DSX-Medidas.jpg?resize=324%2C324&amp;ssl=1 324w, https:\/\/i0.wp.com\/comercialmario.hol.es\/wp-content\/uploads\/2023\/02\/DSX-Medidas.jpg?resize=416%2C416&amp;ssl=1 416w, https:\/\/i0.wp.com\/comercialmario.hol.es\/wp-content\/uploads\/2023\/02\/DSX-Medidas.jpg?resize=100%2C100&amp;ssl=1 100w, https:\/\/i0.wp.com\/comercialmario.hol.es\/wp-content\/uploads\/2023\/02\/DSX-Medidas.jpg?w=600&amp;ssl=1 600w\" sizes=\"auto, (max-width: 300px) 100vw, 300px\" \/><figcaption id=\"caption-attachment-255\" class=\"wp-caption-text\">Medidas ACCUREX DSX \u2013 Balanza industrial<\/figcaption><\/figure>\n<p><a href=\"https:\/\/comercialmario.hol.es\/wp-content\/uploads\/2023\/02\/Catalogue-Accurex-DSX-ESP.pdf\">Catalogue-Accurex-DSX-ESP<\/a><\/p>\n<p>&nbsp;<\/p>\n<p>Ref.\u00a0 \u00a0 \u00a0 \u00a0 \u00a0 \u00a0 \u00a0 \u00a0 \u00a0 \u00a0 \u00a0 \u00a0 Capacidad.\u00a0 Resoluci\u00f3n.\u00a0 Dim. plato (mm).\u00a0 PVP (\u20ac)<br \/>\n72071 DSX-3\u00a0 \u00a0 \u00a0 \u00a0 \u00a0 \u00a0 \u00a03 kg\u00a0 \u00a0 \u00a0 \u00a0 \u00a0 0,1 g\u00a0 \u00a0 \u00a0 \u00a0 \u00a0 \u00a0 \u00a0 \u00a0 \u00a0295 x 230\u00a0 \u00a0 \u00a0 \u00a0 \u00a0 \u00a0 \u00a0 \u00a0 \u00a0 \u00a0 95<br \/>\n72072 DSX-6\u00a0 \u00a0 \u00a0 \u00a0 \u00a0 \u00a0 \u00a06 kg\u00a0 \u00a0 \u00a0 \u00a0 \u00a0 0,2 g\u00a0 \u00a0 \u00a0 \u00a0 \u00a0 \u00a0 \u00a0 \u00a0 \u00a0295 x 230\u00a0 \u00a0 \u00a0 \u00a0 \u00a0 \u00a0 \u00a0 \u00a0 \u00a0 \u00a0 95<br \/>\n72073 DSX-15\u00a0 \u00a0 \u00a0 \u00a0 \u00a015 kg\u00a0 \u00a0 \u00a0 \u00a0 \u00a00,5 g\u00a0 \u00a0 \u00a0 \u00a0 \u00a0 \u00a0 \u00a0 \u00a0 \u00a0295 x 230\u00a0 \u00a0 \u00a0 \u00a0 \u00a0 \u00a0 \u00a0 \u00a0 \u00a0 \u00a0 95<br \/>\n72074 DSX-30\u00a0 \u00a0 \u00a0 \u00a0 \u00a030 kg\u00a0 \u00a0 \u00a0 \u00a0 \u00a01 g\u00a0 \u00a0 \u00a0 \u00a0 \u00a0 \u00a0 \u00a0 \u00a0 \u00a0 \u00a0 \u00a0295 x 230\u00a0 \u00a0 \u00a0 \u00a0 \u00a0 \u00a0 \u00a0 \u00a0 \u00a0 \u00a0 95<\/li>\n<\/ul>\n<\/div>\n<\/div>\n","protected":false},"excerpt":{"rendered":"<p>ACCUREX DSX \u2013 Balanza industrial de sobremesa Caracter\u00edsticas C\u00e1lculo de porcentaje, para comprobaci\u00f3n de productos. Contaje r\u00e1pido de piezas por muestreo. Alarma de l\u00edmite de peso, para control de lotes. Pesaje en kg y libras, con cambio r\u00e1pido. Ajuste del cero por pulsaci\u00f3n. Tarado de recipientes. Bater\u00eda interna recargable. Protecci\u00f3n contra sobrecargas. Estructura ABS de [&hellip;]<\/p>\n","protected":false},"featured_media":254,"comment_status":"open","ping_status":"closed","template":"","meta":[],"product_brand":[],"product_cat":[29],"product_tag":[109,30,111,75,108,32],"class_list":{"0":"post-253","1":"product","2":"type-product","3":"status-publish","4":"has-post-thumbnail","6":"product_cat-balanzas","7":"product_tag-accurex","8":"product_tag-balanza","9":"product_tag-cuentapiezas","10":"product_tag-gram","11":"product_tag-industrial","12":"product_tag-mostrador","14":"first","15":"instock","16":"taxable","17":"shipping-taxable","18":"product-type-simple"},"aioseo_notices":[],"jetpack_sharing_enabled":true,"jetpack_likes_enabled":true,"_links":{"self":[{"href":"https:\/\/comercialmario.hol.es\/index.php\/wp-json\/wp\/v2\/product\/253","targetHints":{"allow":["GET"]}}],"collection":[{"href":"https:\/\/comercialmario.hol.es\/index.php\/wp-json\/wp\/v2\/product"}],"about":[{"href":"https:\/\/comercialmario.hol.es\/index.php\/wp-json\/wp\/v2\/types\/product"}],"replies":[{"embeddable":true,"href":"https:\/\/comercialmario.hol.es\/index.php\/wp-json\/wp\/v2\/comments?post=253"}],"wp:featuredmedia":[{"embeddable":true,"href":"https:\/\/comercialmario.hol.es\/index.php\/wp-json\/wp\/v2\/media\/254"}],"wp:attachment":[{"href":"https:\/\/comercialmario.hol.es\/index.php\/wp-json\/wp\/v2\/media?parent=253"}],"wp:term":[{"taxonomy":"product_brand","embeddable":true,"href":"https:\/\/comercialmario.hol.es\/index.php\/wp-json\/wp\/v2\/product_brand?post=253"},{"taxonomy":"product_cat","embeddable":true,"href":"https:\/\/comercialmario.hol.es\/index.php\/wp-json\/wp\/v2\/product_cat?post=253"},{"taxonomy":"product_tag","embeddable":true,"href":"https:\/\/comercialmario.hol.es\/index.php\/wp-json\/wp\/v2\/product_tag?post=253"}],"curies":[{"name":"wp","href":"https:\/\/api.w.org\/{rel}","templated":true}]}}