{"id":143,"date":"2023-01-30T17:39:33","date_gmt":"2023-01-30T17:39:33","guid":{"rendered":"https:\/\/comercialmario.hol.es\/?post_type=product&#038;p=143"},"modified":"2025-10-09T18:43:49","modified_gmt":"2025-10-09T16:43:49","slug":"rodillo-tinta-etiquetadoras-printex-smart","status":"publish","type":"product","link":"https:\/\/comercialmario.hol.es\/index.php\/product\/rodillo-tinta-etiquetadoras-printex-smart\/","title":{"rendered":"Rodillo tinta etiquetadoras PRINTEX SMART"},"content":{"rendered":"<p>Rodillo de tinta para m\u00e1quinas PRINTEX SMART.<\/p>\n<p>Para m\u00e1quinas de una o dos l\u00edneas.<\/p>\n<p>Unidad de venta: Blister de 5 rodillos: 17,50\u20ac<\/p>\n","protected":false},"excerpt":{"rendered":"<p>Rodillo de tinta para m\u00e1quinas PRINTEX SMART. Para m\u00e1quinas de una o dos l\u00edneas. Unidad de venta: Blister de 5 rodillos: 17,50\u20ac<\/p>\n","protected":false},"featured_media":141,"comment_status":"open","ping_status":"closed","template":"","meta":[],"product_brand":[],"product_cat":[56],"product_tag":[51,50,54,57,55,58],"class_list":{"0":"post-143","1":"product","2":"type-product","3":"status-publish","4":"has-post-thumbnail","6":"product_cat-tintas-cartuchos-toner","7":"product_tag-etiquetadora","8":"product_tag-maquina","9":"product_tag-printex","10":"product_tag-rodillo","11":"product_tag-smart","12":"product_tag-tinta","14":"first","15":"instock","16":"taxable","17":"shipping-taxable","18":"product-type-simple"},"aioseo_notices":[],"jetpack_sharing_enabled":true,"jetpack_likes_enabled":true,"_links":{"self":[{"href":"https:\/\/comercialmario.hol.es\/index.php\/wp-json\/wp\/v2\/product\/143","targetHints":{"allow":["GET"]}}],"collection":[{"href":"https:\/\/comercialmario.hol.es\/index.php\/wp-json\/wp\/v2\/product"}],"about":[{"href":"https:\/\/comercialmario.hol.es\/index.php\/wp-json\/wp\/v2\/types\/product"}],"replies":[{"embeddable":true,"href":"https:\/\/comercialmario.hol.es\/index.php\/wp-json\/wp\/v2\/comments?post=143"}],"wp:featuredmedia":[{"embeddable":true,"href":"https:\/\/comercialmario.hol.es\/index.php\/wp-json\/wp\/v2\/media\/141"}],"wp:attachment":[{"href":"https:\/\/comercialmario.hol.es\/index.php\/wp-json\/wp\/v2\/media?parent=143"}],"wp:term":[{"taxonomy":"product_brand","embeddable":true,"href":"https:\/\/comercialmario.hol.es\/index.php\/wp-json\/wp\/v2\/product_brand?post=143"},{"taxonomy":"product_cat","embeddable":true,"href":"https:\/\/comercialmario.hol.es\/index.php\/wp-json\/wp\/v2\/product_cat?post=143"},{"taxonomy":"product_tag","embeddable":true,"href":"https:\/\/comercialmario.hol.es\/index.php\/wp-json\/wp\/v2\/product_tag?post=143"}],"curies":[{"name":"wp","href":"https:\/\/api.w.org\/{rel}","templated":true}]}}